omposite number?
False
Let r = 2133010 - 1087319. Is r prime?
True
Suppose 157*b = 37*b + 1574760. Is b composite?
True
Let c(a) be the third derivative of -8*a**2 + 3/2*a**3 + 0*a + 1/30*a**5 - 1/3*a**4 + 247/60*a**6 + 0. Is c(2) composite?
True
Suppose 18697859 = 322*k - 126*k + 135*k. Is k prime?
True
Let r be (63/12)/((-21)/(-9632)). Suppose -8488 - r = -5*o - s, -4*o + s + 8715 = 0. Is o a composite number?
False
Let k(u) = 2*u - u**2 + 3*u - 3*u + 3513 + 3*u. Is k(0) composite?
True
Let o(g) be the second derivative of -g**3/2 + 13835*g**2/2 - 26*g. Is o(0) a prime number?
False
Let g be 1/((6/(-2))/(-15)). Let n be 24/10 + 14/(-35). Suppose 0 = n*b + 4*w - 3682, -g*b + 0*b + 4*w = -9219. Is b composite?
True
Let p(x) = 1633*x**3 - 3*x**2 - 2*x + 23. Is p(2) composite?
True
Let x be ((-25)/5 + 6)*(3 + -3). Is (-11)/((-99)/28881)*(x - -1) a prime number?
True
Let q = -20694 - -4832. Let v = 26693 + q. Is v prime?
True
Let x(p) = 4*p**3 + p**3 + 12*p**2 + 3*p - 4 - 26*p**2 + 9*p**2. Let d be x(3). Let s = d - 36. Is s a prime number?
True
Let x = 45 + -41. Suppose -2*r = -x*n - 2270, 0 = -2*n - 5*r - 298 - 855. Let q = n + 1252. Is q a composite number?
False
Let a(d) = 82*d + 65. Let b be a(4). Let m = b + -232. Is m a composite number?
True
Let j(v) = v**2 + 2*v. Let g be j(-2). Suppose -2*h + 7*h - 3*a - 8 = g, 3*h = 3*a. Suppose 2*x = -5*r + 3276, x - r - 1653 = h*r. Is x a prime number?
False
Let b = -260 - 222. Is -2 + 171/18*b/(-1) composite?
True
Let j(y) = y**3 - 36*y**2 + 52*y + 719. Is j(40) prime?
True
Suppose 1341*b - 77999523 = 1194*b. Is b prime?
True
Suppose 0 = -4*n + z + 262272, -39170 = -n + 2*z + 26412. Is n composite?
True
Suppose -8 = 2*s - 3*s. Suppose -66*l = -62*l - s. Suppose -l*k - 2793 = -5*n - k, 5*n + 3*k = 2801. Is n prime?
False
Let z(n) = -2*n**3 + 14*n**2 + 2*n - 27. Let x be z(12). Let u = -464 - x. Is u a composite number?
True
Suppose 0 = -8*v - 6 - 2. Let r be (v/2)/(2/(-16)). Is 64251/81 + r/(-18) a prime number?
False
Suppose 2*b = 5*y - 0*b + 10, -23 = 2*y + 3*b. Is (1 - y) + -8 + 3564 a prime number?
False
Suppose 0 = -5*r + 7*r + 4, 4*r = -n - 3. Is (1014235/284)/(n/4) a prime number?
True
Let s = 87062 + 26265. Is s a prime number?
True
Suppose -5328 = 3*l + 6*l. Let k = l + 1035. Is k a prime number?
True
Suppose -120*m + 3956885 - 1997264 = -3272739. Is m prime?
False
Suppose 0 = 3*n - 5*t - 31218, 0 = 6*n - 5*n - 5*t - 10396. Suppose -d = 3*h - n, 4*h = -3*d + 46568 - 15325. Is d a composite number?
True
Let c(i) = i**3 - 16*i**2 - 14*i - 38. Let l be c(17). Suppose l*f = 5299 + 1734. Is f prime?
True
Let b(p) = -98*p**3 - 57*p**2 + 6*p - 15. Is b(-14) prime?
False
Let j be 6/(-9) + 176/(-24). Is (5/(-1))/10 - 2028/j prime?
False
Suppose 18 = -4*k + 10*k. Suppose v - 4*r - 197 = -r, -961 = -5*v + k*r. Is v a composite number?
False
Let c(p) = -p**3 + 7*p**2 - 10*p. Let z be c(3). Let b be -9 + z + 1*113. Suppose -w = -b - 101. Is w a composite number?
False
Let z = 1200142 - 637883. Is z a composite number?
False
Let p be (1/5 - 63/(-35)) + -1. Let n be (-5012)/(-7) + (p - (-2 + 4)). Let w = -92 + n. Is w a composite number?
True
Let t = -33710 - -66871. Is t composite?
False
Let p(m) = -m**3 - 24*m**2 + 2. Let x be p(-24). Let h be (-58)/1 + (x - -2). Is 4 + (-68)/8*h composite?
False
Let d(i) = -1263*i - 1. Let y be d(-1). Let o = -519 + y. Is o prime?
True
Let o = 10007 + -9918. Is o prime?
True
Suppose 4*p = -6*i + 7*i - 17137, -12844 = 3*p + i. Let q = p - -6750. Is q prime?
True
Let a = -126 + 62. Let z = -58 - a. Suppose -u = l - 2754, -8267 = -9*u + z*u - 2*l. Is u prime?
False
Let i(t) = 22*t**2 - 204*t - 513. Is i(73) composite?
False
Suppose -2*p + 539372 = 2*f, 0 = -3*p + 749*f - 745*f + 809037. Is p a composite number?
False
Let w(z) = -4*z - 19. Let h be w(-6). Suppose -2*j + 96 = j. Suppose 2*x + 1829 = 5*r, -h*x - 320 - j = -r. Is r a prime number?
True
Suppose -2*d - i - i = -140, 3*i = -4*d + 276. Suppose 3*z = 60 - d. Is (55/(-20) - z)*(1 + -933) a composite number?
True
Suppose 123*r - 21*r - 13996000 = 6043430. Is r a prime number?
False
Suppose 32 = -7*b + 53. Suppose k = b*y + 3778, -k - 3*y = -0*y - 3808. Is k prime?
True
Let r be ((-5)/(-9)*1)/((-1424)/144 - -10). Let z(s) = 1. Let d(b) = 190*b - 49. Let p(c) = d(c) + 6*z(c). Is p(r) a prime number?
True
Let j = 653558 + -361041. Is j a prime number?
True
Suppose -4 - 24 = -7*a. Is (-2)/a*2*(-740 - 3) composite?
False
Let c = -13783 + 26046. Is c a prime number?
True
Let c be (10/(-8))/(452300/50256 - 9). Let t = -8528 + c. Is t composite?
False
Suppose 5*y - 41 + 21 = 0. Suppose y*w = h - 7, 3*w - h - 2*h - 6 = 0. Is -1466*(w + (-8)/(-4)) + -1 a prime number?
False
Let n = -4770 - -1953. Let l = n + 307. Let i = l + 3723. Is i a composite number?
False
Let v = -90 - -94. Let r(w) = 2*w + 10. Let p be r(v). Suppose 11470 = p*j + 922. Is j composite?
True
Let d(t) = -10288*t**3 - 5*t**2 + 4*t + 22. Is d(-3) composite?
False
Is 38511 + (-3)/1 + 3 + (-12)/3 composite?
True
Let n be 112/7*(-3)/(-2). Let z be (-2)/(-2) - (19 - n). Let k(t) = 14*t**2 - 4*t + 1. Is k(z) composite?
True
Let t = 944 - 925. Let f(s) = s**3 - 5*s**2 + 5*s + 28. Is f(t) a prime number?
False
Let r(z) = 14*z + 62. Let b be r(-10). Is 1589*(30/26 + 12/b) prime?
False
Let u = 399302 - 23945. Is u a prime number?
False
Let p(c) = -2*c**3 + 40*c**2 + 44*c - 24. Let l be p(21). Suppose 4 = i + 1. Is ((-127)/(-6))/(i/l) composite?
False
Let b be -14*3/(-12)*20/5. Suppose 0*w + b = 7*w. Is (10073/70 + (-6)/15)*w prime?
False
Let n(j) = -4*j**3 - 23*j**2 - 11*j - 21. Let i be n(-15). Suppose 0 = 2*w - 3*c - 3048 - 326, i = 5*w + c. Is w a prime number?
True
Let u(v) = -2*v**3 + 40*v**2 - 60*v + 49. Is u(-43) composite?
True
Let c be (-97)/(6 + -9 + 2195/730). Let j = c + 33141. Is j a prime number?
True
Let c = -82 - -87. Suppose -d + c*d = 1856. Let q = 623 + d. Is q a prime number?
True
Suppose 5*y - 10*q - 2841165 = 0, -5*y + 2841153 = -79*q + 81*q. Is y a composite number?
False
Suppose -18 = -f - 12. Suppose -9*a + 21 + f = 0. Suppose -3 = a*d, -4*n + 6114 = -4*d + 1114. Is n composite?
False
Let a be (0 + -3)*(-40)/1. Let s = a + -118. Suppose -s*v - 2*i + 332 = 0, 803 = -0*v + 5*v - 4*i. Is v a composite number?
False
Let z = -177 + 182. Suppose -5*b = -o - 125841, 5*b + z*o + 20477 = 146342. Is b prime?
True
Let v = 294 - 276. Suppose 3*w + 67215 = v*w. Is w prime?
True
Let h be 2 - 2 - (-5 - -7)/(-1). Let x be (-2 - -3 - h)/(3/1839). Is (-6)/(-9) - x/3 a prime number?
False
Let k = 291 + -307. Is (48/k)/((-9)/28239) a composite number?
False
Suppose 0 = 13*h - 44 - 34. Suppose -h*w = -9*w + 6, p - 26741 = 3*w. Is p a composite number?
True
Let u(r) = -r + 19. Let a be u(22). Let h be (10/a - 0)/(4/(-42)). Suppose -34*z + h*z - 647 = 0. Is z a composite number?
False
Let h = 33827 - 18763. Suppose h = -0*b + 3*b - 5*v, -4*v + 10072 = 2*b. Let s = b - 1381. Is s composite?
True
Let j = -7129 - -11400. Is j prime?
True
Let o = 236254 - 85895. Is o composite?
True
Suppose -12 + 68 = 7*m. Let g = m + 64. Suppose -3*i - 289 = -5*s, -3*s + 99 = -3*i - g. Is s a prime number?
True
Suppose 6*m + 3 = 15. Suppose -r = -4*f + 865 - 270, f - m*r - 154 = 0. Let o = 353 - f. Is o composite?
True
Let n(m) = m**3 + 19*m**2 - 14. Let u be n(-19). Is (-9)/21 - 19508/u prime?
False
Let g = -69 - -71. Suppose 967 = f + g*f + 5*o, 4*o + 630 = 2*f. Is f composite?
True
Let g = 97 - 99. Is g/(-10) + (-3334)/(-5) a prime number?
False
Suppose 0 = 2*f + 4*f + 10944. Let s be 4261 + (0 + -1)*0. Let p = s + f. Is p composite?
False
Suppose 2*x - 4560 = -3*t, -6*t + 10*t + 4*x - 6080 = 0. Suppose -2*n + t = v + 275, 5*v - 6210 = 5*n. Is v a prime number?
False
Let y(v) = -v + 4. Let m be y(-9). Suppose -2*z + 6918 = l, -15*l + m*l + 10379 = 3*z. Is z composite?
False
Let k be 1 - (3/(-9) + 6/(-9)). Suppose -5*h + 2875 = k*u, 0 = 4*h - u - 1130 - 1183. Is h prime?
True
Let k = -4460 + 5751. Is k composite?
False
Suppose 0 = -172*a + 165*a + 18095. Suppose -10*s = -1905 - a. Is s a prime number?
True
Suppose -187118 = -9*s - 26567. Let w = -12320 + s. Is w prime?
True
Suppose 0 = 47*b - 42*b + 20. Is (b/3)/4 + 370000/30 prime?
False
Suppose -20 = -4*y, 0 = -13*q + 17*q - 3